{"id":36742,"date":"2023-01-03T13:41:32","date_gmt":"2023-01-03T13:41:32","guid":{"rendered":"http:\/\/clemenciaperis.es\/?post_type=product&#038;p=36742"},"modified":"2023-02-07T17:07:15","modified_gmt":"2023-02-07T17:07:15","slug":"anell-de-compromis-amb-1-diamant-talla-brillant-063f","status":"publish","type":"product","link":"https:\/\/www.clemenciaperis.com\/ca\/p\/anell-de-compromis-amb-1-diamant-talla-brillant-063f\/","title":{"rendered":"Anell de compromis en or blanc amb 1 diamant talla rodona"},"content":{"rendered":"<div class=\"col-md-12 col-xs-12 desc\">\n<div>\n<p>Aquest <strong>anell de comprom\u00eds d&#8217;or blanc de 18 quirats<\/strong> du un <strong>diamant rod\u00f3 en talla brillant<\/strong>, a la seva part central. El seu bra\u00e7, <strong>senzill i estilitzat<\/strong>, llueix els seus laterals en un perfil pla i suau.<\/p>\n<\/div>\n<\/div>\n<div class=\"col-xs-3 headRight \"><\/div>\n<p>&nbsp;<\/p>\n","protected":false},"excerpt":{"rendered":"<p>Aquest anell de comprom\u00eds d&#8217;or blanc de 18 quirats du un diamant rod\u00f3 en talla brillant, a la seva part central. El seu bra\u00e7, senzill i estilitzat, llueix els seus laterals en un perfil pla i suau. &nbsp;<\/p>\n","protected":false},"featured_media":129936,"template":"","meta":{"_acf_changed":false},"product_brand":[],"product_cat":[104,130,150,149,96],"product_tag":[],"class_list":{"0":"post-36742","1":"product","2":"type-product","3":"status-publish","4":"has-post-thumbnail","6":"product_cat-classics","7":"product_cat-or-blanc","8":"product_cat-talla-brillant","9":"product_cat-estil-solitari","10":"product_cat-anells-de-compromis","12":"first","13":"instock","14":"taxable","15":"shipping-taxable","16":"purchasable","17":"product-type-variable"},"acf":[],"yoast_head":"<!-- This site is optimized with the Yoast SEO plugin v24.8.1 - https:\/\/yoast.com\/wordpress\/plugins\/seo\/ -->\n<title>Anell de compromis en or blanc amb 1 diamant talla rodona - Joieria Clem\u00e8ncia Peris \u00ae<\/title>\n<meta name=\"description\" content=\"Anells de Comprom\u00eds or blanc amb 40 diamants i 1 diamant talla rodona\" \/>\n<meta name=\"robots\" content=\"index, follow, max-snippet:-1, max-image-preview:large, max-video-preview:-1\" \/>\n<link rel=\"canonical\" href=\"https:\/\/www.clemenciaperis.com\/ca\/p\/anell-de-compromis-amb-1-diamant-talla-brillant-063f\/\" \/>\n<meta property=\"og:locale\" content=\"ca_ES\" \/>\n<meta property=\"og:type\" content=\"article\" \/>\n<meta property=\"og:title\" content=\"Anell de compromis en or blanc amb 1 diamant talla rodona - Joieria Clem\u00e8ncia Peris \u00ae\" \/>\n<meta property=\"og:description\" content=\"Anells de Comprom\u00eds or blanc amb 40 diamants i 1 diamant talla rodona\" \/>\n<meta property=\"og:url\" content=\"https:\/\/www.clemenciaperis.com\/ca\/p\/anell-de-compromis-amb-1-diamant-talla-brillant-063f\/\" \/>\n<meta property=\"og:site_name\" content=\"Joieria Clem\u00e8ncia Peris \u00ae\" \/>\n<meta property=\"article:publisher\" content=\"https:\/\/www.facebook.com\/clemenciaperisjewelry\" \/>\n<meta property=\"article:modified_time\" content=\"2023-02-07T17:07:15+00:00\" \/>\n<meta property=\"og:image\" content=\"https:\/\/www.clemenciaperis.com\/wp-content\/uploads\/2022\/09\/AC063F_DETAIL-IMAGE-C.webp\" \/>\n\t<meta property=\"og:image:width\" content=\"500\" \/>\n\t<meta property=\"og:image:height\" content=\"500\" \/>\n\t<meta property=\"og:image:type\" content=\"image\/webp\" \/>\n<meta name=\"twitter:card\" content=\"summary_large_image\" \/>\n<meta name=\"twitter:label1\" content=\"Disponibilitat\" \/>\n\t<meta name=\"twitter:data1\" content=\"En estoc\" \/>\n<script type=\"application\/ld+json\" class=\"yoast-schema-graph\">{\"@context\":\"https:\/\/schema.org\",\"@graph\":[{\"@type\":\"WebPage\",\"@id\":\"https:\/\/www.clemenciaperis.com\/ca\/p\/anell-de-compromis-amb-1-diamant-talla-brillant-063f\/\",\"url\":\"https:\/\/www.clemenciaperis.com\/ca\/p\/anell-de-compromis-amb-1-diamant-talla-brillant-063f\/\",\"name\":\"Anell de compromis en or blanc amb 1 diamant talla rodona - Joieria Clem\u00e8ncia Peris \u00ae\",\"isPartOf\":{\"@id\":\"https:\/\/www.clemenciaperis.com\/ca\/#website\"},\"primaryImageOfPage\":{\"@id\":\"https:\/\/www.clemenciaperis.com\/ca\/p\/anell-de-compromis-amb-1-diamant-talla-brillant-063f\/#primaryimage\"},\"image\":{\"@id\":\"https:\/\/www.clemenciaperis.com\/ca\/p\/anell-de-compromis-amb-1-diamant-talla-brillant-063f\/#primaryimage\"},\"thumbnailUrl\":\"https:\/\/www.clemenciaperis.com\/wp-content\/uploads\/2023\/06\/AC063F_DETAIL-IMAGE-C.webp\",\"datePublished\":\"2023-01-03T13:41:32+00:00\",\"dateModified\":\"2023-02-07T17:07:15+00:00\",\"description\":\"Anells de Comprom\u00eds or blanc amb 40 diamants i 1 diamant talla rodona\",\"inLanguage\":\"ca\",\"potentialAction\":[{\"@type\":\"ReadAction\",\"target\":[\"https:\/\/www.clemenciaperis.com\/ca\/p\/anell-de-compromis-amb-1-diamant-talla-brillant-063f\/\"]}]},{\"@type\":\"ImageObject\",\"inLanguage\":\"ca\",\"@id\":\"https:\/\/www.clemenciaperis.com\/ca\/p\/anell-de-compromis-amb-1-diamant-talla-brillant-063f\/#primaryimage\",\"url\":\"https:\/\/www.clemenciaperis.com\/wp-content\/uploads\/2023\/06\/AC063F_DETAIL-IMAGE-C.webp\",\"contentUrl\":\"https:\/\/www.clemenciaperis.com\/wp-content\/uploads\/2023\/06\/AC063F_DETAIL-IMAGE-C.webp\",\"width\":1000,\"height\":1000},{\"@type\":\"BreadcrumbList\",\"@id\":\"https:\/\/www.clemenciaperis.com\/ca\/p\/anell-de-compromis-amb-1-diamant-talla-brillant-063f\/#breadcrumb\",\"itemListElement\":[{\"@type\":\"ListItem\",\"position\":1,\"name\":\"Anells de Comprom\u00eds\",\"item\":\"https:\/\/www.clemenciaperis.com\/ca\/c\/anells-de-compromis\/\"},{\"@type\":\"ListItem\",\"position\":2,\"name\":\"Anells de Comprom\u00eds Cl\u00e0ssics\",\"item\":\"https:\/\/www.clemenciaperis.com\/ca\/c\/anells-de-compromis\/classics\/\"},{\"@type\":\"ListItem\",\"position\":3,\"name\":\"Anell de compromis en or blanc amb 1 diamant talla rodona\"}]},{\"@type\":\"WebSite\",\"@id\":\"https:\/\/www.clemenciaperis.com\/ca\/#website\",\"url\":\"https:\/\/www.clemenciaperis.com\/ca\/\",\"name\":\"Joyer\u00eda Clem\u00e8ncia Peris \u00ae\",\"description\":\"Joyer\u00eda exclusiva en Barcelona desde 1979: Anillos de compromiso, alianzas de boda y anillos de diamantes.\",\"publisher\":{\"@id\":\"https:\/\/www.clemenciaperis.com\/ca\/#organization\"},\"potentialAction\":[{\"@type\":\"SearchAction\",\"target\":{\"@type\":\"EntryPoint\",\"urlTemplate\":\"https:\/\/www.clemenciaperis.com\/ca\/?s={search_term_string}\"},\"query-input\":{\"@type\":\"PropertyValueSpecification\",\"valueRequired\":true,\"valueName\":\"search_term_string\"}}],\"inLanguage\":\"ca\"},{\"@type\":\"Organization\",\"@id\":\"https:\/\/www.clemenciaperis.com\/ca\/#organization\",\"name\":\"Joyer\u00eda Clem\u00e8ncia Peris \u00ae\",\"url\":\"https:\/\/www.clemenciaperis.com\/ca\/\",\"logo\":{\"@type\":\"ImageObject\",\"inLanguage\":\"ca\",\"@id\":\"https:\/\/www.clemenciaperis.com\/ca\/#\/schema\/logo\/image\/\",\"url\":\"https:\/\/www.clemenciaperis.com\/wp-content\/uploads\/2023\/10\/Clemencia-peris-logo2.png\",\"contentUrl\":\"https:\/\/www.clemenciaperis.com\/wp-content\/uploads\/2023\/10\/Clemencia-peris-logo2.png\",\"width\":400,\"height\":400,\"caption\":\"Joyer\u00eda Clem\u00e8ncia Peris \u00ae\"},\"image\":{\"@id\":\"https:\/\/www.clemenciaperis.com\/ca\/#\/schema\/logo\/image\/\"},\"sameAs\":[\"https:\/\/www.facebook.com\/clemenciaperisjewelry\",\"https:\/\/www.instagram.com\/clemenciaperisjewels\/\",\"https:\/\/www.youtube.com\/channel\/UCbLZI0bC2wvj0PaS2aj99bA\"]}]}<\/script>\n<meta property=\"og:availability\" content=\"instock\" \/>\n<meta property=\"product:availability\" content=\"instock\" \/>\n<meta property=\"product:retailer_item_id\" content=\"Ac063b\" \/>\n<meta property=\"product:condition\" content=\"new\" \/>\n<!-- \/ Yoast SEO plugin. -->","yoast_head_json":{"title":"Anell de compromis en or blanc amb 1 diamant talla rodona - Joieria Clem\u00e8ncia Peris \u00ae","description":"Anells de Comprom\u00eds or blanc amb 40 diamants i 1 diamant talla rodona","robots":{"index":"index","follow":"follow","max-snippet":"max-snippet:-1","max-image-preview":"max-image-preview:large","max-video-preview":"max-video-preview:-1"},"canonical":"https:\/\/www.clemenciaperis.com\/ca\/p\/anell-de-compromis-amb-1-diamant-talla-brillant-063f\/","og_locale":"ca_ES","og_type":"article","og_title":"Anell de compromis en or blanc amb 1 diamant talla rodona - Joieria Clem\u00e8ncia Peris \u00ae","og_description":"Anells de Comprom\u00eds or blanc amb 40 diamants i 1 diamant talla rodona","og_url":"https:\/\/www.clemenciaperis.com\/ca\/p\/anell-de-compromis-amb-1-diamant-talla-brillant-063f\/","og_site_name":"Joieria Clem\u00e8ncia Peris \u00ae","article_publisher":"https:\/\/www.facebook.com\/clemenciaperisjewelry","article_modified_time":"2023-02-07T17:07:15+00:00","og_image":[{"width":500,"height":500,"url":"https:\/\/www.clemenciaperis.com\/wp-content\/uploads\/2022\/09\/AC063F_DETAIL-IMAGE-C.webp","type":"image\/webp"}],"twitter_card":"summary_large_image","twitter_misc":{"Disponibilitat":"En estoc"},"schema":{"@context":"https:\/\/schema.org","@graph":[{"@type":"WebPage","@id":"https:\/\/www.clemenciaperis.com\/ca\/p\/anell-de-compromis-amb-1-diamant-talla-brillant-063f\/","url":"https:\/\/www.clemenciaperis.com\/ca\/p\/anell-de-compromis-amb-1-diamant-talla-brillant-063f\/","name":"Anell de compromis en or blanc amb 1 diamant talla rodona - Joieria Clem\u00e8ncia Peris \u00ae","isPartOf":{"@id":"https:\/\/www.clemenciaperis.com\/ca\/#website"},"primaryImageOfPage":{"@id":"https:\/\/www.clemenciaperis.com\/ca\/p\/anell-de-compromis-amb-1-diamant-talla-brillant-063f\/#primaryimage"},"image":{"@id":"https:\/\/www.clemenciaperis.com\/ca\/p\/anell-de-compromis-amb-1-diamant-talla-brillant-063f\/#primaryimage"},"thumbnailUrl":"https:\/\/www.clemenciaperis.com\/wp-content\/uploads\/2023\/06\/AC063F_DETAIL-IMAGE-C.webp","datePublished":"2023-01-03T13:41:32+00:00","dateModified":"2023-02-07T17:07:15+00:00","description":"Anells de Comprom\u00eds or blanc amb 40 diamants i 1 diamant talla rodona","inLanguage":"ca","potentialAction":[{"@type":"ReadAction","target":["https:\/\/www.clemenciaperis.com\/ca\/p\/anell-de-compromis-amb-1-diamant-talla-brillant-063f\/"]}]},{"@type":"ImageObject","inLanguage":"ca","@id":"https:\/\/www.clemenciaperis.com\/ca\/p\/anell-de-compromis-amb-1-diamant-talla-brillant-063f\/#primaryimage","url":"https:\/\/www.clemenciaperis.com\/wp-content\/uploads\/2023\/06\/AC063F_DETAIL-IMAGE-C.webp","contentUrl":"https:\/\/www.clemenciaperis.com\/wp-content\/uploads\/2023\/06\/AC063F_DETAIL-IMAGE-C.webp","width":1000,"height":1000},{"@type":"BreadcrumbList","@id":"https:\/\/www.clemenciaperis.com\/ca\/p\/anell-de-compromis-amb-1-diamant-talla-brillant-063f\/#breadcrumb","itemListElement":[{"@type":"ListItem","position":1,"name":"Anells de Comprom\u00eds","item":"https:\/\/www.clemenciaperis.com\/ca\/c\/anells-de-compromis\/"},{"@type":"ListItem","position":2,"name":"Anells de Comprom\u00eds Cl\u00e0ssics","item":"https:\/\/www.clemenciaperis.com\/ca\/c\/anells-de-compromis\/classics\/"},{"@type":"ListItem","position":3,"name":"Anell de compromis en or blanc amb 1 diamant talla rodona"}]},{"@type":"WebSite","@id":"https:\/\/www.clemenciaperis.com\/ca\/#website","url":"https:\/\/www.clemenciaperis.com\/ca\/","name":"Joyer\u00eda Clem\u00e8ncia Peris \u00ae","description":"Joyer\u00eda exclusiva en Barcelona desde 1979: Anillos de compromiso, alianzas de boda y anillos de diamantes.","publisher":{"@id":"https:\/\/www.clemenciaperis.com\/ca\/#organization"},"potentialAction":[{"@type":"SearchAction","target":{"@type":"EntryPoint","urlTemplate":"https:\/\/www.clemenciaperis.com\/ca\/?s={search_term_string}"},"query-input":{"@type":"PropertyValueSpecification","valueRequired":true,"valueName":"search_term_string"}}],"inLanguage":"ca"},{"@type":"Organization","@id":"https:\/\/www.clemenciaperis.com\/ca\/#organization","name":"Joyer\u00eda Clem\u00e8ncia Peris \u00ae","url":"https:\/\/www.clemenciaperis.com\/ca\/","logo":{"@type":"ImageObject","inLanguage":"ca","@id":"https:\/\/www.clemenciaperis.com\/ca\/#\/schema\/logo\/image\/","url":"https:\/\/www.clemenciaperis.com\/wp-content\/uploads\/2023\/10\/Clemencia-peris-logo2.png","contentUrl":"https:\/\/www.clemenciaperis.com\/wp-content\/uploads\/2023\/10\/Clemencia-peris-logo2.png","width":400,"height":400,"caption":"Joyer\u00eda Clem\u00e8ncia Peris \u00ae"},"image":{"@id":"https:\/\/www.clemenciaperis.com\/ca\/#\/schema\/logo\/image\/"},"sameAs":["https:\/\/www.facebook.com\/clemenciaperisjewelry","https:\/\/www.instagram.com\/clemenciaperisjewels\/","https:\/\/www.youtube.com\/channel\/UCbLZI0bC2wvj0PaS2aj99bA"]}]},"og_availability":"instock","product_availability":"instock","product_retailer_item_id":"Ac063b","product_condition":"new"},"_links":{"self":[{"href":"https:\/\/www.clemenciaperis.com\/ca\/wp-json\/wp\/v2\/product\/36742","targetHints":{"allow":["GET"]}}],"collection":[{"href":"https:\/\/www.clemenciaperis.com\/ca\/wp-json\/wp\/v2\/product"}],"about":[{"href":"https:\/\/www.clemenciaperis.com\/ca\/wp-json\/wp\/v2\/types\/product"}],"wp:featuredmedia":[{"embeddable":true,"href":"https:\/\/www.clemenciaperis.com\/ca\/wp-json\/wp\/v2\/media\/129936"}],"wp:attachment":[{"href":"https:\/\/www.clemenciaperis.com\/ca\/wp-json\/wp\/v2\/media?parent=36742"}],"wp:term":[{"taxonomy":"product_brand","embeddable":true,"href":"https:\/\/www.clemenciaperis.com\/ca\/wp-json\/wp\/v2\/product_brand?post=36742"},{"taxonomy":"product_cat","embeddable":true,"href":"https:\/\/www.clemenciaperis.com\/ca\/wp-json\/wp\/v2\/product_cat?post=36742"},{"taxonomy":"product_tag","embeddable":true,"href":"https:\/\/www.clemenciaperis.com\/ca\/wp-json\/wp\/v2\/product_tag?post=36742"}],"curies":[{"name":"wp","href":"https:\/\/api.w.org\/{rel}","templated":true}]}}

<div class="col-md-12 col-xs-12 desc">
<div>
<p>Aquest <strong>anell de compromís d&#8217;or blanc de 18 quirats</strong> du un <strong>diamant rodó en talla brillant</strong>, a la seva part central. El seu braç, <strong>senzill i estilitzat</strong>, llueix els seus laterals en un perfil pla i suau.</p>
</div>
</div>
<div class="col-xs-3 headRight "></div>
<p>&nbsp;</p>

<p>Aquest anell de compromís d&#8217;or blanc de 18 quirats du un diamant rodó en talla brillant, a la seva part central. El seu braç, senzill i estilitzat, llueix els seus laterals en un perfil pla i suau. &nbsp;</p>

<!-- This site is optimized with the Yoast SEO plugin v24.8.1 - https://yoast.com/wordpress/plugins/seo/ -->
<title>Anell de compromis en or blanc amb 1 diamant talla rodona - Joieria Clemència Peris ®</title>
<meta name="description" content="Anells de Compromís or blanc amb 40 diamants i 1 diamant talla rodona" />
<meta name="robots" content="index, follow, max-snippet:-1, max-image-preview:large, max-video-preview:-1" />
<link rel="canonical" href="https://www.clemenciaperis.com/ca/p/anell-de-compromis-amb-1-diamant-talla-brillant-063f/" />
<meta property="og:locale" content="ca_ES" />
<meta property="og:type" content="article" />
<meta property="og:title" content="Anell de compromis en or blanc amb 1 diamant talla rodona - Joieria Clemència Peris ®" />
<meta property="og:description" content="Anells de Compromís or blanc amb 40 diamants i 1 diamant talla rodona" />
<meta property="og:url" content="https://www.clemenciaperis.com/ca/p/anell-de-compromis-amb-1-diamant-talla-brillant-063f/" />
<meta property="og:site_name" content="Joieria Clemència Peris ®" />
<meta property="article:publisher" content="https://www.facebook.com/clemenciaperisjewelry" />
<meta property="article:modified_time" content="2023-02-07T17:07:15+00:00" />
<meta property="og:image" content="https://www.clemenciaperis.com/wp-content/uploads/2022/09/AC063F_DETAIL-IMAGE-C.webp" />
	<meta property="og:image:width" content="500" />
	<meta property="og:image:height" content="500" />
	<meta property="og:image:type" content="image/webp" />
<meta name="twitter:card" content="summary_large_image" />
<meta name="twitter:label1" content="Disponibilitat" />
	<meta name="twitter:data1" content="En estoc" />
<script type="application/ld+json" class="yoast-schema-graph">{"@context":"https://schema.org","@graph":[{"@type":"WebPage","@id":"https://www.clemenciaperis.com/ca/p/anell-de-compromis-amb-1-diamant-talla-brillant-063f/","url":"https://www.clemenciaperis.com/ca/p/anell-de-compromis-amb-1-diamant-talla-brillant-063f/","name":"Anell de compromis en or blanc amb 1 diamant talla rodona - Joieria Clemència Peris ®","isPartOf":{"@id":"https://www.clemenciaperis.com/ca/#website"},"primaryImageOfPage":{"@id":"https://www.clemenciaperis.com/ca/p/anell-de-compromis-amb-1-diamant-talla-brillant-063f/#primaryimage"},"image":{"@id":"https://www.clemenciaperis.com/ca/p/anell-de-compromis-amb-1-diamant-talla-brillant-063f/#primaryimage"},"thumbnailUrl":"https://www.clemenciaperis.com/wp-content/uploads/2023/06/AC063F_DETAIL-IMAGE-C.webp","datePublished":"2023-01-03T13:41:32+00:00","dateModified":"2023-02-07T17:07:15+00:00","description":"Anells de Compromís or blanc amb 40 diamants i 1 diamant talla rodona","inLanguage":"ca","potentialAction":[{"@type":"ReadAction","target":["https://www.clemenciaperis.com/ca/p/anell-de-compromis-amb-1-diamant-talla-brillant-063f/"]}]},{"@type":"ImageObject","inLanguage":"ca","@id":"https://www.clemenciaperis.com/ca/p/anell-de-compromis-amb-1-diamant-talla-brillant-063f/#primaryimage","url":"https://www.clemenciaperis.com/wp-content/uploads/2023/06/AC063F_DETAIL-IMAGE-C.webp","contentUrl":"https://www.clemenciaperis.com/wp-content/uploads/2023/06/AC063F_DETAIL-IMAGE-C.webp","width":1000,"height":1000},{"@type":"BreadcrumbList","@id":"https://www.clemenciaperis.com/ca/p/anell-de-compromis-amb-1-diamant-talla-brillant-063f/#breadcrumb","itemListElement":[{"@type":"ListItem","position":1,"name":"Anells de Compromís","item":"https://www.clemenciaperis.com/ca/c/anells-de-compromis/"},{"@type":"ListItem","position":2,"name":"Anells de Compromís Clàssics","item":"https://www.clemenciaperis.com/ca/c/anells-de-compromis/classics/"},{"@type":"ListItem","position":3,"name":"Anell de compromis en or blanc amb 1 diamant talla rodona"}]},{"@type":"WebSite","@id":"https://www.clemenciaperis.com/ca/#website","url":"https://www.clemenciaperis.com/ca/","name":"Joyería Clemència Peris ®","description":"Joyería exclusiva en Barcelona desde 1979: Anillos de compromiso, alianzas de boda y anillos de diamantes.","publisher":{"@id":"https://www.clemenciaperis.com/ca/#organization"},"potentialAction":[{"@type":"SearchAction","target":{"@type":"EntryPoint","urlTemplate":"https://www.clemenciaperis.com/ca/?s={search_term_string}"},"query-input":{"@type":"PropertyValueSpecification","valueRequired":true,"valueName":"search_term_string"}}],"inLanguage":"ca"},{"@type":"Organization","@id":"https://www.clemenciaperis.com/ca/#organization","name":"Joyería Clemència Peris ®","url":"https://www.clemenciaperis.com/ca/","logo":{"@type":"ImageObject","inLanguage":"ca","@id":"https://www.clemenciaperis.com/ca/#/schema/logo/image/","url":"https://www.clemenciaperis.com/wp-content/uploads/2023/10/Clemencia-peris-logo2.png","contentUrl":"https://www.clemenciaperis.com/wp-content/uploads/2023/10/Clemencia-peris-logo2.png","width":400,"height":400,"caption":"Joyería Clemència Peris ®"},"image":{"@id":"https://www.clemenciaperis.com/ca/#/schema/logo/image/"},"sameAs":["https://www.facebook.com/clemenciaperisjewelry","https://www.instagram.com/clemenciaperisjewels/","https://www.youtube.com/channel/UCbLZI0bC2wvj0PaS2aj99bA"]}]}</script>
<meta property="og:availability" content="instock" />
<meta property="product:availability" content="instock" />
<meta property="product:retailer_item_id" content="Ac063b" />
<meta property="product:condition" content="new" />
<!-- / Yoast SEO plugin. -->

Anell de compromis en or blanc amb 1 diamant talla rodona - Joieria Clemència Peris ®

Anells de Compromís or blanc amb 40 diamants i 1 diamant talla rodona

Joieria Clemència Peris ®

Anells de Compromís

Anells de Compromís Clàssics

Joyería Clemència Peris ®

Joyería exclusiva en Barcelona desde 1979: Anillos de compromiso, alianzas de boda y anillos de diamantes.
